Let h(m) = -62*m + 195. Let i be h(3). Calculate the highest common divisor of i and 78.
3
Let k be (-1)/((10/(-12))/(-5)). Let y be (-3)/(k/218) - -3. Suppose y = 3*v + 5*s, 5*s = 2*v + v - 152. What is the greatest common factor of v and 4?
4
Let n(k) = 8 + 11 - 25 - 5*k**2 - k + 21 + k**3. Let b be n(5). Let f be (-3)/(3/(-70) + 0). What is the greatest common divisor of b and f?
10
Let b(g) = 2*g**3 + 2*g**2 - 3*g - 3. Let v be b(-3). Let k = 90 + v. Let i be 3/(-6)*-2 + -1 + 24. Calculate the greatest common divisor of k and i.
12
Suppose 2*l = -3*q + 23, 4*l + 5*q - 19 = 22. Let u(b) = 4*b + 2. Let m be u(l). What is the highest common divisor of 27 and m?
9
Let b = 21 - 13. Let j be (-2)/(-3*b/(-36)). Let h be -3*1 + j + 8. What is the greatest common divisor of 1 and h?
1
Let f(k) = -3*k**3 - 2*k**2 - 3. Let m(r) = -r**2 - 8*r - 10. Let w be m(-7). Let x be f(w). Calculate the highest common divisor of 12 and x.
12
Let u(y) = 3*y**2 - 13*y - 11. Let x be u(6). Let n be (1/((-4)/x))/(7/(-56)). Calculate the greatest common divisor of n and 95.
19
Suppose -1 + 118 = 3*m. Calculate the greatest common factor of m and 325.
13
Let w be 140/(-63) + 2 + (-6324)/(-27). What is the greatest common divisor of w and 3?
3
Let b be (3 - 13)/(1 - -1). Let v(r) = 3*r**2 + 6*r + 10. Let j be v(b). What is the greatest common divisor of j and 11?
11
Let x = -343 + 384. Let r be 82*(3/3)/2. What is the highest common factor of x and r?
41
Let q(p) = -5 + 4 - 2 - 17*p. Let g be q(-3). What is the highest common divisor of g and 12?
12
Suppose 2*c + 3*d - 673 = 0, 5*c - 16*d + 19*d = 1696. What is the highest common factor of 11 and c?
11
Let l(a) = -8*a - 4. Let j be l(-5). Let b be j*(4 + 3/(-1)). Let n = -98 - -188. Calculate the highest common divisor of b and n.
18
Suppose c + 3726 = 19*c. Calculate the highest common factor of 69 and c.
69
Let r = 105 - 67. Let n be -1 - (0 + -345) - 2. Calculate the greatest common factor of n and r.
38
Suppose -4*q + 69 = -3. Calculate the highest common factor of 234 and q.
18
Let i(d) = -14*d - 42. Let z be i(-11). Calculate the highest common factor of z and 16.
16
Let g = 21 - 6. Let b be 216/(-30)*(-1 + 94/(-6)). Calculate the highest common divisor of g and b.
15
Let q(s) = 3*s**3 - 2*s**2 - s + 3. Suppose 0 = 2*r - 2*t + t - 7, -t = 5*r - 7. Let n be q(r). Calculate the highest common factor of 68 and n.
17
Let k = -228 + 136. Let i be (-4)/18 + k/(-9). Let j = -762 - -852. What is the highest common factor of j and i?
10
Let k = 20 + -14. Suppose -3*f = -k*g + 3*g + 45, 4*g + 3*f = 67. What is the highest common divisor of g and 80?
16
Let r be 3 + 88 - (26 - 26). Calculate the greatest common divisor of 7 and r.
7
Let f = -10 + 15. Suppose 3*o - 4*o + m + 7 = 0, 47 = f*o - 2*m. Suppose -o = -4*s + 5. What is the highest common factor of 32 and s?
4
Let x = 109 - 106. Let j(b) = 3*b**2 + 5*b + 3. Let s be j(x). Calculate the greatest common factor of 9 and s.
9
Suppose 8*x = 119 - 87. Suppose 3*g = -5*l + 17, -2*l + 3 = l. Calculate the greatest common divisor of x and g.
4
Let k(o) = -o**3 - 11*o**2 - 28*o - 13. Let m be k(-9). Calculate the greatest common factor of m and 22.
11
Let w = -56 + 100. Let c be (54/24)/((-30)/(-880)). Calculate the greatest common factor of c and w.
22
Suppose 5*g - 6*g + 80 = -h, -g + 6*h = -90. Calculate the greatest common factor of 3 and g.
3
Suppose -5*h - 4*s + 210 = 0, 2*h + s = 41 + 46. What is the highest common divisor of h and 46?
46
Let s be (-70)/(-4) + 2/4. Let o be 16*6/(-4)*-3. What is the highest common factor of o and s?
18
Suppose -m - 3 = -2*m. Let c be (0 - (-372)/8)*2/m. What is the highest common factor of 31 and c?
31
Let q = -75 - -115. Let d be (10*3/(-6))/(-3 - -2). Suppose d = -j + 13. What is the greatest common factor of j and q?
8
Let b(h) = 33*h**2 - 13*h. Let w be b(-3). What is the greatest common divisor of w and 126?
42
Let i = 2106 - 1601. Calculate the greatest common divisor of i and 10.
5
Suppose -27*w + 3662 = 800. What is the highest common factor of 159 and w?
53
Let m(j) = -2*j**3 - 34*j**2 + 12*j + 24. Let d be m(-18). What is the greatest common factor of 19 and d?
19
Let c(t) = -6*t - 29. Let k be c(-12). What is the greatest common divisor of 172 and k?
43
Let k be 717/12 + (-5)/(-20). Let x = -24 + k. Calculate the highest common divisor of 9 and x.
9
Let i = -32018 + 32035. Let s = 5 + -2. Let m be (s/(-2))/(1/(-34)). What is the greatest common factor of i and m?
17
Suppose -23*x + 420 = -2*x. Calculate the greatest common divisor of 180 and x.
20
Suppose -a + 123 = 4*y - y, 5*a - 69 = -2*y. What is the greatest common factor of y and 12?
6
Let i(h) = -h**3 - 4*h**2 + 4*h + 7. Let s be i(-7). Suppose -2*m = 116 - 4. Let u = s + m. What is the greatest common divisor of 14 and u?
14
Let q(m) = m. Let b be q(-2). Let a be ((-2)/b)/(6 + 227/(-38)). What is the highest common divisor of 342 and a?
38
Let r(x) = x**2 - 10*x - 20. Let k be r(14). Let o = -448 - -700. What is the greatest common factor of k and o?
36
Let q be (-707)/(-35) + (-13)/(325/(-20)). Suppose 7*m - 252 = 3*m. Suppose 0 = -0*j - 3*j + m. What is the highest common factor of j and q?
21
Suppose 5*h = -4*s + 21, h = -3*s + 4*s + 6. Let k = 4 + h. Suppose k*c - 5*i = 4*c + 170, -4*c + i = -133. Calculate the highest common factor of 22 and c.
11
Suppose -3500 = -5*p - 5*j, 4*p + j = 1852 + 960. Suppose -33*s - p = -41*s. Let q = -8 + 30. What is the greatest common factor of s and q?
22
Suppose -5*h - 6*h = -330. Suppose -4*m = 5*g - 209, -5*g = 5*m - 117 - 88. What is the greatest common divisor of g and h?
15
Suppose -2*m - 17 = -9. Let c be ((-2)/(-1))/(-2 - m). What is the highest common divisor of 3 and c?
1
Let a(f) = -4*f + 38. Let w be a(-19). Let o = 205 - w. What is the greatest common factor of 13 and o?
13
Let j = 2753 + -2751. What is the highest common divisor of 50 and j?
2
Let u be 623/1 + 12 + -11. What is the greatest common factor of 144 and u?
48
Let r(c) = 10*c**3 + 2*c**3 + 2*c**2 - 3*c**3 + 2*c**3 + 2. Let u be r(2). Let s(b) = 4*b**2 - 2. Let x be s(-2). What is the highest common factor of x and u?
14
Suppose 5 = -y, 4*y = -4*d + 7285 - 1785. What is the greatest common divisor of 12 and d?
12
Let m(u) = u**2 + 10*u + 16. Let v be m(-8). Suppose v = 12*w + 145 - 469. Calculate the greatest common divisor of 45 and w.
9
Let g = -287 + 294. Let o(q) = 8*q - 1. Let n be o(1). Calculate the highest common divisor of n and g.
7
Let w = -66 - -38. Let a(f) = -42*f + 80. Let n be a(2). Let o = n - w. Calculate the highest common factor of 24 and o.
24
Let u = 230 + -199. What is the greatest common factor of 31 and u?
31
Let s(t) = -t**3 - 2*t**2 + 4*t + 2. Let d be s(-3). Let n = d - -7. Suppose 8*g - n*g - 50 = 0. What is the greatest common divisor of 75 and g?
25
Suppose 1024 = -331*t + 347*t. What is the greatest common factor of 152 and t?
8
Suppose -4*n + 5*n = 60. Suppose u + 2*a + a - 13 = 0, -n = -4*u - 4*a. Suppose 3*p - u = p. Calculate the highest common factor of p and 24.
8
Suppose t + 3*k = 987, -15*t + 16*t - 997 = -5*k. What is the greatest common factor of t and 12?
12
Suppose 0 = -4*p + 5*p + 2. Let g(u) = -4*u**3 - u**2 - 1. Let d be g(p). Calculate the highest common factor of 9 and d.
9
Let h = 5 + -3. Let w be h/(-10) - (-11)/5. Let i = -11 - -13. What is the highest common factor of i and w?
2
Let f(l) = -l**3 - 9*l**2 + 2. Let b be f(-9). Suppose 3 = o - b. Suppose -193 + 2063 = o*x. What is the highest common factor of x and 34?
34
Suppose -6*c - 199 = -415. What is the highest common factor of c and 20?
4
Suppose -2*t + 104 = 5*i - 170, -4*i - t + 221 = 0. Let r = i - 26. Let w = -192 + 282. Calculate the highest common factor of r and w.
30
Suppose -5*i + 74 = -46. Let r(y) = -34*y**2 + 35*y**2 + 7*y - 6*y + 16. Let p be r(4). What is the greatest common factor of p and i?
12
Let w = -277 + 286. Calculate the highest common divisor of w and 315.
9
Let q = 118 + -120. Let s = q + 9. What is the highest common factor of 7 and s?
7
Let a = -18 + 25. Let w(g) = g**3 - 5*g**2 + 2*g + 4. Suppose 0 = 2*x - 2 - 8. Let q be w(x). Calculate the greatest common factor of q and a.
7
Let b be 2324/20 - ((-1)/5)/(-1). Let m 